{"id":9,"date":"2014-06-18T11:28:27","date_gmt":"2014-06-18T09:28:27","guid":{"rendered":"https:\/\/lvisl.jenweb.de\/2014\/06\/18\/startseite\/"},"modified":"2025-02-03T14:47:27","modified_gmt":"2025-02-03T14:47:27","slug":"startseite","status":"publish","type":"page","link":"https:\/\/lv-isl-thueringen.de\/","title":{"rendered":"Startseite"},"content":{"rendered":"<style>.wp-block-kadence-advancedheading.kt-adv-heading9_9b22f9-84, .wp-block-kadence-advancedheading.kt-adv-heading9_9b22f9-84[data-kb-block=\"kb-adv-heading9_9b22f9-84\"]{margin-top:var(--global-kb-spacing-xl, 4rem);font-style:normal;border-top:10px solid transparent;}.wp-block-kadence-advancedheading.kt-adv-heading9_9b22f9-84 mark.kt-highlight, .wp-block-kadence-advancedheading.kt-adv-heading9_9b22f9-84[data-kb-block=\"kb-adv-heading9_9b22f9-84\"] mark.kt-highlight{font-style:normal;color:#f76a0c;-webkit-box-decoration-break:clone;box-decoration-break:clone;padding-top:0px;padding-right:0px;padding-bottom:0px;padding-left:0px;}@media all and (max-width: 1024px){.wp-block-kadence-advancedheading.kt-adv-heading9_9b22f9-84, .wp-block-kadence-advancedheading.kt-adv-heading9_9b22f9-84[data-kb-block=\"kb-adv-heading9_9b22f9-84\"]{border-top:10px solid transparent;}}@media all and (max-width: 767px){.wp-block-kadence-advancedheading.kt-adv-heading9_9b22f9-84, .wp-block-kadence-advancedheading.kt-adv-heading9_9b22f9-84[data-kb-block=\"kb-adv-heading9_9b22f9-84\"]{border-top:10px solid transparent;}}<\/style>\n<p class=\"kt-adv-heading9_9b22f9-84 wp-block-kadence-advancedheading\" data-kb-block=\"kb-adv-heading9_9b22f9-84\">Der Landesverband &#8220;Interessenvertretung Selbstbestimmt Leben&#8221; in Th\u00fcringen e. V. ist Tr\u00e4ger der Erg\u00e4nzenden Unabh\u00e4ngigen Teilhabeberatung (EUTB\u00ae).&nbsp; Die EUTB\u00ae ist f\u00fcr Sie Ansprechpartner in Fragen der Rehabilitation und Teilhabe. Wir beraten kostenlos und unter Einhaltung der Schweigepflicht z. B. zu Fragen Pers\u00f6nlicher Assistenz, wie Sie einen Grad der Behinderung beantragen k\u00f6nnen oder zu Hilfsmitteln.<\/p>\n\n\n<style>.kb-image9_271518-96 .kb-image-has-overlay:after{opacity:0.3;}.kb-image9_271518-96 img.kb-img, .kb-image9_271518-96 .kb-img img{border-top:15px solid rgba(255,255,255,0);border-bottom:15px solid rgba(0,0,0,0);}@media all and (max-width: 1024px){.kb-image9_271518-96 img.kb-img, .kb-image9_271518-96 .kb-img img{border-top:15px solid rgba(255,255,255,0);border-bottom:15px solid rgba(0,0,0,0);}}@media all and (max-width: 767px){.kb-image9_271518-96 img.kb-img, .kb-image9_271518-96 .kb-img img{border-top:15px solid rgba(255,255,255,0);border-bottom:15px solid rgba(0,0,0,0);}}<\/style>\n<div class=\"wp-block-kadence-image kb-image9_271518-96\"><figure class=\"aligncenter size-medium_large\"><img loading=\"lazy\" decoding=\"async\" width=\"768\" height=\"315\" src=\"https:\/\/lv-isl-thueringen.de\/wp-content\/uploads\/2025\/02\/2025_logo_eutb-768x315.webp\" alt=\"Logo Erg\u00e4nzende unabh\u00e4ngige Teilhabeberatung\" class=\"kb-img wp-image-158\" srcset=\"https:\/\/lv-isl-thueringen.de\/wp-content\/uploads\/2025\/02\/2025_logo_eutb-768x315.webp 768w, https:\/\/lv-isl-thueringen.de\/wp-content\/uploads\/2025\/02\/2025_logo_eutb-300x123.webp 300w, https:\/\/lv-isl-thueringen.de\/wp-content\/uploads\/2025\/02\/2025_logo_eutb-1024x420.webp 1024w, https:\/\/lv-isl-thueringen.de\/wp-content\/uploads\/2025\/02\/2025_logo_eutb.webp 1170w\" sizes=\"auto, (max-width: 768px) 100vw, 768px\" \/><\/figure><\/div>\n\n\n\n<p>Zust\u00e4ndig sind wir f\u00fcr Weimar, Weimarer Land und den Landkreis Saalfeld-Rudolstadt. <\/p>\n\n\n\n<p>Sie erreichen die Beratungsstelle telefonisch unter <strong>03643&nbsp;46 999 89<\/strong> oder per Email:&nbsp;<a href=\"mailto:info@lv-isl-thueringen.de\">info@lv-isl-thueringen.de<\/a><\/p>\n\n\n\n<p><span style=\"font-size: large;\">&nbsp;<\/span><\/p>\n\n\n\n<p><\/p>\n\n\n\n<p><\/p>\n\n\n\n<p class=\"has-text-align-left\"><\/p>\n\n\n\n<p><\/p>\n","protected":false},"excerpt":{"rendered":"<p>Der Landesverband &#8220;Interessenvertretung Selbstbestimmt Leben&#8221; in Th\u00fcringen e. V. ist Tr\u00e4ger der Erg\u00e4nzenden Unabh\u00e4ngigen Teilhabeberatung (EUTB\u00ae).&nbsp; Die EUTB\u00ae ist f\u00fcr Sie Ansprechpartner in Fragen der Rehabilitation und Teilhabe. Wir beraten kostenlos und unter Einhaltung der Schweigepflicht z. B. zu Fragen Pers\u00f6nlicher Assistenz, wie Sie einen Grad der Behinderung beantragen k\u00f6nnen oder zu Hilfsmitteln. Zust\u00e4ndig sind&#8230;<\/p>\n","protected":false},"author":2,"featured_media":0,"parent":0,"menu_order":1,"comment_status":"closed","ping_status":"open","template":"","meta":{"_kad_blocks_custom_css":"","_kad_blocks_head_custom_js":"","_kad_blocks_body_custom_js":"","_kad_blocks_footer_custom_js":"","_kad_post_transparent":"","_kad_post_title":"hide","_kad_post_layout":"","_kad_post_sidebar_id":"","_kad_post_content_style":"","_kad_post_vertical_padding":"","_kad_post_feature":"","_kad_post_feature_position":"","_kad_post_header":false,"_kad_post_footer":false,"_kad_post_classname":"","footnotes":""},"class_list":["post-9","page","type-page","status-publish","hentry"],"taxonomy_info":[],"featured_image_src_large":false,"author_info":{"display_name":"Frank Pechmann","author_link":"https:\/\/lv-isl-thueringen.de\/?author=2"},"comment_info":0,"_links":{"self":[{"href":"https:\/\/lv-isl-thueringen.de\/index.php?rest_route=\/wp\/v2\/pages\/9","targetHints":{"allow":["GET"]}}],"collection":[{"href":"https:\/\/lv-isl-thueringen.de\/index.php?rest_route=\/wp\/v2\/pages"}],"about":[{"href":"https:\/\/lv-isl-thueringen.de\/index.php?rest_route=\/wp\/v2\/types\/page"}],"author":[{"embeddable":true,"href":"https:\/\/lv-isl-thueringen.de\/index.php?rest_route=\/wp\/v2\/users\/2"}],"replies":[{"embeddable":true,"href":"https:\/\/lv-isl-thueringen.de\/index.php?rest_route=%2Fwp%2Fv2%2Fcomments&post=9"}],"version-history":[{"count":0,"href":"https:\/\/lv-isl-thueringen.de\/index.php?rest_route=\/wp\/v2\/pages\/9\/revisions"}],"wp:attachment":[{"href":"https:\/\/lv-isl-thueringen.de\/index.php?rest_route=%2Fwp%2Fv2%2Fmedia&parent=9"}],"curies":[{"name":"wp","href":"https:\/\/api.w.org\/{rel}","templated":true}]}}

<style>.wp-block-kadence-advancedheading.kt-adv-heading9_9b22f9-84, .wp-block-kadence-advancedheading.kt-adv-heading9_9b22f9-84[data-kb-block="kb-adv-heading9_9b22f9-84"]{margin-top:var(--global-kb-spacing-xl, 4rem);font-style:normal;border-top:10px solid transparent;}.wp-block-kadence-advancedheading.kt-adv-heading9_9b22f9-84 mark.kt-highlight, .wp-block-kadence-advancedheading.kt-adv-heading9_9b22f9-84[data-kb-block="kb-adv-heading9_9b22f9-84"] mark.kt-highlight{font-style:normal;color:#f76a0c;-webkit-box-decoration-break:clone;box-decoration-break:clone;padding-top:0px;padding-right:0px;padding-bottom:0px;padding-left:0px;}@media all and (max-width: 1024px){.wp-block-kadence-advancedheading.kt-adv-heading9_9b22f9-84, .wp-block-kadence-advancedheading.kt-adv-heading9_9b22f9-84[data-kb-block="kb-adv-heading9_9b22f9-84"]{border-top:10px solid transparent;}}@media all and (max-width: 767px){.wp-block-kadence-advancedheading.kt-adv-heading9_9b22f9-84, .wp-block-kadence-advancedheading.kt-adv-heading9_9b22f9-84[data-kb-block="kb-adv-heading9_9b22f9-84"]{border-top:10px solid transparent;}}</style>
<p class="kt-adv-heading9_9b22f9-84 wp-block-kadence-advancedheading" data-kb-block="kb-adv-heading9_9b22f9-84">Der Landesverband &#8220;Interessenvertretung Selbstbestimmt Leben&#8221; in Thüringen e. V. ist Träger der Ergänzenden Unabhängigen Teilhabeberatung (EUTB®).&nbsp; Die EUTB® ist für Sie Ansprechpartner in Fragen der Rehabilitation und Teilhabe. Wir beraten kostenlos und unter Einhaltung der Schweigepflicht z. B. zu Fragen Persönlicher Assistenz, wie Sie einen Grad der Behinderung beantragen können oder zu Hilfsmitteln.</p>


<style>.kb-image9_271518-96 .kb-image-has-overlay:after{opacity:0.3;}.kb-image9_271518-96 img.kb-img, .kb-image9_271518-96 .kb-img img{border-top:15px solid rgba(255,255,255,0);border-bottom:15px solid rgba(0,0,0,0);}@media all and (max-width: 1024px){.kb-image9_271518-96 img.kb-img, .kb-image9_271518-96 .kb-img img{border-top:15px solid rgba(255,255,255,0);border-bottom:15px solid rgba(0,0,0,0);}}@media all and (max-width: 767px){.kb-image9_271518-96 img.kb-img, .kb-image9_271518-96 .kb-img img{border-top:15px solid rgba(255,255,255,0);border-bottom:15px solid rgba(0,0,0,0);}}</style>
<div class="wp-block-kadence-image kb-image9_271518-96"><figure class="aligncenter size-medium_large"><img loading="lazy" decoding="async" width="768" height="315" src="https://lv-isl-thueringen.de/wp-content/uploads/2025/02/2025_logo_eutb-768x315.webp" alt="Logo Ergänzende unabhängige Teilhabeberatung" class="kb-img wp-image-158" srcset="https://lv-isl-thueringen.de/wp-content/uploads/2025/02/2025_logo_eutb-768x315.webp 768w, https://lv-isl-thueringen.de/wp-content/uploads/2025/02/2025_logo_eutb-300x123.webp 300w, https://lv-isl-thueringen.de/wp-content/uploads/2025/02/2025_logo_eutb-1024x420.webp 1024w, https://lv-isl-thueringen.de/wp-content/uploads/2025/02/2025_logo_eutb.webp 1170w" sizes="auto, (max-width: 768px) 100vw, 768px" /></figure></div>



<p>Zuständig sind wir für Weimar, Weimarer Land und den Landkreis Saalfeld-Rudolstadt. </p>



<p>Sie erreichen die Beratungsstelle telefonisch unter <strong>03643&nbsp;46 999 89</strong> oder per Email:&nbsp;<a href="mailto:info@lv-isl-thueringen.de">info@lv-isl-thueringen.de</a></p>



<p><span style="font-size: large;">&nbsp;</span></p>



<p></p>



<p></p>



<p class="has-text-align-left"></p>



<p></p>

<p>Der Landesverband &#8220;Interessenvertretung Selbstbestimmt Leben&#8221; in Thüringen e. V. ist Träger der Ergänzenden Unabhängigen Teilhabeberatung (EUTB®).&nbsp; Die EUTB® ist für Sie Ansprechpartner in Fragen der Rehabilitation und Teilhabe. Wir beraten kostenlos und unter Einhaltung der Schweigepflicht z. B. zu Fragen Persönlicher Assistenz, wie Sie einen Grad der Behinderung beantragen können oder zu Hilfsmitteln. Zuständig sind&#8230;</p>
