{"id":194,"date":"2025-02-08T12:20:42","date_gmt":"2025-02-08T12:20:42","guid":{"rendered":"https:\/\/wp.lv-isl-thueringen.de\/?page_id=194"},"modified":"2025-02-08T12:20:42","modified_gmt":"2025-02-08T12:20:42","slug":"ergaenzende-unabhaengige-teilhabeberatung-eutb","status":"publish","type":"page","link":"https:\/\/lv-isl-thueringen.de\/?page_id=194","title":{"rendered":"Erg\u00e4nzende unabh\u00e4ngige Teilhabeberatung (EUTB\u00ae)"},"content":{"rendered":"\n<p>Im Rahmen der Erg\u00e4nzenden Unabh\u00e4ngigen Teilhabeberatung (EUTB\u00ae) k\u00f6nnen Sie sich in Fragen der Rehabilitation und Teilhabe beraten lassen.<\/p>\n\n\n\n<p>Dazu geh\u00f6ren Themen wie:<\/p>\n\n\n<style>.wp-block-kadence-iconlist.kt-svg-icon-list-items194_02c566-25:not(.this-stops-third-party-issues){margin-top:0px;margin-bottom:0px;}.wp-block-kadence-iconlist.kt-svg-icon-list-items194_02c566-25 ul.kt-svg-icon-list:not(.this-prevents-issues):not(.this-stops-third-party-issues):not(.tijsloc){margin-top:0px;margin-right:0px;margin-bottom:var(--global-kb-spacing-sm, 1.5rem);margin-left:0px;}.wp-block-kadence-iconlist.kt-svg-icon-list-items194_02c566-25 ul.kt-svg-icon-list{grid-row-gap:5px;}.wp-block-kadence-iconlist.kt-svg-icon-list-items194_02c566-25 ul.kt-svg-icon-list .kt-svg-icon-list-item-wrap .kt-svg-icon-list-single{margin-right:10px;}.kt-svg-icon-list-items194_02c566-25 ul.kt-svg-icon-list .kt-svg-icon-list-level-0 .kt-svg-icon-list-single svg{font-size:20px;}<\/style>\n<div class=\"wp-block-kadence-iconlist kt-svg-icon-list-items kt-svg-icon-list-items194_02c566-25 kt-svg-icon-list-columns-1 alignnone\"><ul class=\"kt-svg-icon-list\"><style>.kt-svg-icon-list-item-194_85325a-61 .kt-svg-icon-list-text mark.kt-highlight{background-color:unset;font-style:normal;color:#f76a0c;-webkit-box-decoration-break:clone;box-decoration-break:clone;padding-top:0px;padding-right:0px;padding-bottom:0px;padding-left:0px;}<\/style>\n<li class=\"wp-block-kadence-listitem kt-svg-icon-list-item-wrap kt-svg-icon-list-item-194_85325a-61\"><span class=\"kb-svg-icon-wrap kb-svg-icon-fe_arrowRightCircle kt-svg-icon-list-single\"><svg viewBox=\"0 0 24 24\"  fill=\"none\" stroke=\"currentColor\" stroke-width=\"2\" stroke-linecap=\"round\" stroke-linejoin=\"round\" xmlns=\"http:\/\/www.w3.org\/2000\/svg\"  aria-hidden=\"true\"><circle cx=\"12\" cy=\"12\" r=\"10\"\/><polyline points=\"12 16 16 12 12 8\"\/><line x1=\"8\" y1=\"12\" x2=\"16\" y2=\"12\"\/><\/svg><\/span><span class=\"kt-svg-icon-list-text\">Fragen zu Pers\u00f6nlichem Budget, Budget f\u00fcr Arbeit, Assistenz, Hilfsmitteln und Mobilit\u00e4t<\/span><\/li>\n\n\n<style>.kt-svg-icon-list-item-194_e2b011-9f .kt-svg-icon-list-text mark.kt-highlight{background-color:unset;font-style:normal;color:#f76a0c;-webkit-box-decoration-break:clone;box-decoration-break:clone;padding-top:0px;padding-right:0px;padding-bottom:0px;padding-left:0px;}<\/style>\n<li class=\"wp-block-kadence-listitem kt-svg-icon-list-item-wrap kt-svg-icon-list-item-194_e2b011-9f\"><span class=\"kb-svg-icon-wrap kb-svg-icon-fe_arrowRightCircle kt-svg-icon-list-single\"><svg viewBox=\"0 0 24 24\"  fill=\"none\" stroke=\"currentColor\" stroke-width=\"2\" stroke-linecap=\"round\" stroke-linejoin=\"round\" xmlns=\"http:\/\/www.w3.org\/2000\/svg\"  aria-hidden=\"true\"><circle cx=\"12\" cy=\"12\" r=\"10\"\/><polyline points=\"12 16 16 12 12 8\"\/><line x1=\"8\" y1=\"12\" x2=\"16\" y2=\"12\"\/><\/svg><\/span><span class=\"kt-svg-icon-list-text\">Informationen \u00fcber Rehabilitations- und Teilhabeleistungen<\/span><\/li>\n\n\n<style>.kt-svg-icon-list-item-194_61b517-cf .kt-svg-icon-list-text mark.kt-highlight{background-color:unset;font-style:normal;color:#f76a0c;-webkit-box-decoration-break:clone;box-decoration-break:clone;padding-top:0px;padding-right:0px;padding-bottom:0px;padding-left:0px;}<\/style>\n<li class=\"wp-block-kadence-listitem kt-svg-icon-list-item-wrap kt-svg-icon-list-item-194_61b517-cf\"><span class=\"kb-svg-icon-wrap kb-svg-icon-fe_arrowRightCircle kt-svg-icon-list-single\"><svg viewBox=\"0 0 24 24\"  fill=\"none\" stroke=\"currentColor\" stroke-width=\"2\" stroke-linecap=\"round\" stroke-linejoin=\"round\" xmlns=\"http:\/\/www.w3.org\/2000\/svg\"  aria-hidden=\"true\"><circle cx=\"12\" cy=\"12\" r=\"10\"\/><polyline points=\"12 16 16 12 12 8\"\/><line x1=\"8\" y1=\"12\" x2=\"16\" y2=\"12\"\/><\/svg><\/span><span class=\"kt-svg-icon-list-text\">Vermittlung von Kontakten und Ansprechpartnern<\/span><\/li>\n\n\n<style>.kt-svg-icon-list-item-194_72f82b-ea .kt-svg-icon-list-text mark.kt-highlight{background-color:unset;font-style:normal;color:#f76a0c;-webkit-box-decoration-break:clone;box-decoration-break:clone;padding-top:0px;padding-right:0px;padding-bottom:0px;padding-left:0px;}<\/style>\n<li class=\"wp-block-kadence-listitem kt-svg-icon-list-item-wrap kt-svg-icon-list-item-194_72f82b-ea\"><span class=\"kb-svg-icon-wrap kb-svg-icon-fe_arrowRightCircle kt-svg-icon-list-single\"><svg viewBox=\"0 0 24 24\"  fill=\"none\" stroke=\"currentColor\" stroke-width=\"2\" stroke-linecap=\"round\" stroke-linejoin=\"round\" xmlns=\"http:\/\/www.w3.org\/2000\/svg\"  aria-hidden=\"true\"><circle cx=\"12\" cy=\"12\" r=\"10\"\/><polyline points=\"12 16 16 12 12 8\"\/><line x1=\"8\" y1=\"12\" x2=\"16\" y2=\"12\"\/><\/svg><\/span><span class=\"kt-svg-icon-list-text\">Informationen zu Eingliederungshilfen im Rahmen der Teilhabe am Arbeitsleben oder der Teilhabe an Bildung<\/span><\/li>\n\n\n<style>.kt-svg-icon-list-item-194_6eaf03-18 .kt-svg-icon-list-text mark.kt-highlight{background-color:unset;font-style:normal;color:#f76a0c;-webkit-box-decoration-break:clone;box-decoration-break:clone;padding-top:0px;padding-right:0px;padding-bottom:0px;padding-left:0px;}<\/style>\n<li class=\"wp-block-kadence-listitem kt-svg-icon-list-item-wrap kt-svg-icon-list-item-194_6eaf03-18\"><span class=\"kb-svg-icon-wrap kb-svg-icon-fe_arrowRightCircle kt-svg-icon-list-single\"><svg viewBox=\"0 0 24 24\"  fill=\"none\" stroke=\"currentColor\" stroke-width=\"2\" stroke-linecap=\"round\" stroke-linejoin=\"round\" xmlns=\"http:\/\/www.w3.org\/2000\/svg\"  aria-hidden=\"true\"><circle cx=\"12\" cy=\"12\" r=\"10\"\/><polyline points=\"12 16 16 12 12 8\"\/><line x1=\"8\" y1=\"12\" x2=\"16\" y2=\"12\"\/><\/svg><\/span><span class=\"kt-svg-icon-list-text\">Informationen zu barrierefreiem Wohnen<\/span><\/li>\n\n\n<style>.kt-svg-icon-list-item-194_0498c5-3f .kt-svg-icon-list-text mark.kt-highlight{background-color:unset;font-style:normal;color:#f76a0c;-webkit-box-decoration-break:clone;box-decoration-break:clone;padding-top:0px;padding-right:0px;padding-bottom:0px;padding-left:0px;}<\/style>\n<li class=\"wp-block-kadence-listitem kt-svg-icon-list-item-wrap kt-svg-icon-list-item-194_0498c5-3f\"><span class=\"kb-svg-icon-wrap kb-svg-icon-fe_arrowRightCircle kt-svg-icon-list-single\"><svg viewBox=\"0 0 24 24\"  fill=\"none\" stroke=\"currentColor\" stroke-width=\"2\" stroke-linecap=\"round\" stroke-linejoin=\"round\" xmlns=\"http:\/\/www.w3.org\/2000\/svg\"  aria-hidden=\"true\"><circle cx=\"12\" cy=\"12\" r=\"10\"\/><polyline points=\"12 16 16 12 12 8\"\/><line x1=\"8\" y1=\"12\" x2=\"16\" y2=\"12\"\/><\/svg><\/span><span class=\"kt-svg-icon-list-text\">Beratungsgespr\u00e4che in aufsuchender Form<\/span><\/li>\n\n\n<style>.kt-svg-icon-list-item-194_f35bd5-4f .kt-svg-icon-list-text mark.kt-highlight{background-color:unset;font-style:normal;color:#f76a0c;-webkit-box-decoration-break:clone;box-decoration-break:clone;padding-top:0px;padding-right:0px;padding-bottom:0px;padding-left:0px;}<\/style>\n<li class=\"wp-block-kadence-listitem kt-svg-icon-list-item-wrap kt-svg-icon-list-item-194_f35bd5-4f\"><span class=\"kb-svg-icon-wrap kb-svg-icon-fe_arrowRightCircle kt-svg-icon-list-single\"><svg viewBox=\"0 0 24 24\"  fill=\"none\" stroke=\"currentColor\" stroke-width=\"2\" stroke-linecap=\"round\" stroke-linejoin=\"round\" xmlns=\"http:\/\/www.w3.org\/2000\/svg\"  aria-hidden=\"true\"><circle cx=\"12\" cy=\"12\" r=\"10\"\/><polyline points=\"12 16 16 12 12 8\"\/><line x1=\"8\" y1=\"12\" x2=\"16\" y2=\"12\"\/><\/svg><\/span><span class=\"kt-svg-icon-list-text\">Hilfe und Unterst\u00fctzung in schwierigen Lebenssituationen<\/span><\/li>\n<\/ul><\/div>\n\n\n\n<figure class=\"wp-block-video\"><video controls src=\"https:\/\/files.jenweb.de\/Erganzende unabhangige Teilhabeberatung EUTB.mp4\"><\/video><figcaption class=\"wp-element-caption\"><em>Quelle: Bundesministerium f\u00fcr Arbeit und Soziales (BMAS)<\/em><\/figcaption><\/figure>\n\n\n<style>.wp-block-kadence-advancedheading.kt-adv-heading194_bca14e-66, .wp-block-kadence-advancedheading.kt-adv-heading194_bca14e-66[data-kb-block=\"kb-adv-heading194_bca14e-66\"]{padding-top:var(--global-kb-spacing-sm, 1.5rem);font-style:normal;}.wp-block-kadence-advancedheading.kt-adv-heading194_bca14e-66 mark.kt-highlight, .wp-block-kadence-advancedheading.kt-adv-heading194_bca14e-66[data-kb-block=\"kb-adv-heading194_bca14e-66\"] mark.kt-highlight{font-style:normal;color:#f76a0c;-webkit-box-decoration-break:clone;box-decoration-break:clone;padding-top:0px;padding-right:0px;padding-bottom:0px;padding-left:0px;}<\/style>\n<p class=\"kt-adv-heading194_bca14e-66 wp-block-kadence-advancedheading\" data-kb-block=\"kb-adv-heading194_bca14e-66\">Seit dem 01.01.2023 beraten wir sie auch in den Regionen Weimar, Weimarer Land und Saalfeld-Rudolstadt. Zur Terminvereinbarungen nutzen Sie bitte die Telefonnummer 03643 4699989 oder die Email info@lv-isl-thueringen.de.<\/p>\n","protected":false},"excerpt":{"rendered":"<p>Im Rahmen der Erg\u00e4nzenden Unabh\u00e4ngigen Teilhabeberatung (EUTB\u00ae) k\u00f6nnen Sie sich in Fragen der Rehabilitation und Teilhabe beraten lassen. Dazu geh\u00f6ren Themen wie: Seit dem 01.01.2023 beraten wir sie auch in den Regionen Weimar, Weimarer Land und Saalfeld-Rudolstadt. Zur Terminvereinbarungen nutzen Sie bitte die Telefonnummer 03643 4699989 oder die Email info@lv-isl-thueringen.de.<\/p>\n","protected":false},"author":2,"featured_media":0,"parent":0,"menu_order":0,"comment_status":"closed","ping_status":"closed","template":"","meta":{"_kad_blocks_custom_css":"","_kad_blocks_head_custom_js":"","_kad_blocks_body_custom_js":"","_kad_blocks_footer_custom_js":"","_kad_post_transparent":"","_kad_post_title":"","_kad_post_layout":"","_kad_post_sidebar_id":"","_kad_post_content_style":"","_kad_post_vertical_padding":"","_kad_post_feature":"","_kad_post_feature_position":"","_kad_post_header":false,"_kad_post_footer":false,"_kad_post_classname":"","footnotes":""},"class_list":["post-194","page","type-page","status-publish","hentry"],"taxonomy_info":[],"featured_image_src_large":false,"author_info":{"display_name":"Frank Pechmann","author_link":"https:\/\/lv-isl-thueringen.de\/?author=2"},"comment_info":0,"_links":{"self":[{"href":"https:\/\/lv-isl-thueringen.de\/index.php?rest_route=\/wp\/v2\/pages\/194","targetHints":{"allow":["GET"]}}],"collection":[{"href":"https:\/\/lv-isl-thueringen.de\/index.php?rest_route=\/wp\/v2\/pages"}],"about":[{"href":"https:\/\/lv-isl-thueringen.de\/index.php?rest_route=\/wp\/v2\/types\/page"}],"author":[{"embeddable":true,"href":"https:\/\/lv-isl-thueringen.de\/index.php?rest_route=\/wp\/v2\/users\/2"}],"replies":[{"embeddable":true,"href":"https:\/\/lv-isl-thueringen.de\/index.php?rest_route=%2Fwp%2Fv2%2Fcomments&post=194"}],"version-history":[{"count":0,"href":"https:\/\/lv-isl-thueringen.de\/index.php?rest_route=\/wp\/v2\/pages\/194\/revisions"}],"wp:attachment":[{"href":"https:\/\/lv-isl-thueringen.de\/index.php?rest_route=%2Fwp%2Fv2%2Fmedia&parent=194"}],"curies":[{"name":"wp","href":"https:\/\/api.w.org\/{rel}","templated":true}]}}

Ergänzende unabhängige Teilhabeberatung (EUTB®)

<p>Im Rahmen der Ergänzenden Unabhängigen Teilhabeberatung (EUTB®) können Sie sich in Fragen der Rehabilitation und Teilhabe beraten lassen.</p>



<p>Dazu gehören Themen wie:</p>


<style>.wp-block-kadence-iconlist.kt-svg-icon-list-items194_02c566-25:not(.this-stops-third-party-issues){margin-top:0px;margin-bottom:0px;}.wp-block-kadence-iconlist.kt-svg-icon-list-items194_02c566-25 ul.kt-svg-icon-list:not(.this-prevents-issues):not(.this-stops-third-party-issues):not(.tijsloc){margin-top:0px;margin-right:0px;margin-bottom:var(--global-kb-spacing-sm, 1.5rem);margin-left:0px;}.wp-block-kadence-iconlist.kt-svg-icon-list-items194_02c566-25 ul.kt-svg-icon-list{grid-row-gap:5px;}.wp-block-kadence-iconlist.kt-svg-icon-list-items194_02c566-25 ul.kt-svg-icon-list .kt-svg-icon-list-item-wrap .kt-svg-icon-list-single{margin-right:10px;}.kt-svg-icon-list-items194_02c566-25 ul.kt-svg-icon-list .kt-svg-icon-list-level-0 .kt-svg-icon-list-single svg{font-size:20px;}</style>
<div class="wp-block-kadence-iconlist kt-svg-icon-list-items kt-svg-icon-list-items194_02c566-25 kt-svg-icon-list-columns-1 alignnone"><ul class="kt-svg-icon-list"><style>.kt-svg-icon-list-item-194_85325a-61 .kt-svg-icon-list-text mark.kt-highlight{background-color:unset;font-style:normal;color:#f76a0c;-webkit-box-decoration-break:clone;box-decoration-break:clone;padding-top:0px;padding-right:0px;padding-bottom:0px;padding-left:0px;}</style>
<li class="wp-block-kadence-listitem kt-svg-icon-list-item-wrap kt-svg-icon-list-item-194_85325a-61"><span class="kb-svg-icon-wrap kb-svg-icon-fe_arrowRightCircle kt-svg-icon-list-single"><svg viewBox="0 0 24 24"  fill="none" stroke="currentColor" stroke-width="2" stroke-linecap="round" stroke-linejoin="round" xmlns="http://www.w3.org/2000/svg"  aria-hidden="true"><circle cx="12" cy="12" r="10"/><polyline points="12 16 16 12 12 8"/><line x1="8" y1="12" x2="16" y2="12"/></svg></span><span class="kt-svg-icon-list-text">Fragen zu Persönlichem Budget, Budget für Arbeit, Assistenz, Hilfsmitteln und Mobilität</span></li>


<style>.kt-svg-icon-list-item-194_e2b011-9f .kt-svg-icon-list-text mark.kt-highlight{background-color:unset;font-style:normal;color:#f76a0c;-webkit-box-decoration-break:clone;box-decoration-break:clone;padding-top:0px;padding-right:0px;padding-bottom:0px;padding-left:0px;}</style>
<li class="wp-block-kadence-listitem kt-svg-icon-list-item-wrap kt-svg-icon-list-item-194_e2b011-9f"><span class="kb-svg-icon-wrap kb-svg-icon-fe_arrowRightCircle kt-svg-icon-list-single"><svg viewBox="0 0 24 24"  fill="none" stroke="currentColor" stroke-width="2" stroke-linecap="round" stroke-linejoin="round" xmlns="http://www.w3.org/2000/svg"  aria-hidden="true"><circle cx="12" cy="12" r="10"/><polyline points="12 16 16 12 12 8"/><line x1="8" y1="12" x2="16" y2="12"/></svg></span><span class="kt-svg-icon-list-text">Informationen über Rehabilitations- und Teilhabeleistungen</span></li>


<style>.kt-svg-icon-list-item-194_61b517-cf .kt-svg-icon-list-text mark.kt-highlight{background-color:unset;font-style:normal;color:#f76a0c;-webkit-box-decoration-break:clone;box-decoration-break:clone;padding-top:0px;padding-right:0px;padding-bottom:0px;padding-left:0px;}</style>
<li class="wp-block-kadence-listitem kt-svg-icon-list-item-wrap kt-svg-icon-list-item-194_61b517-cf"><span class="kb-svg-icon-wrap kb-svg-icon-fe_arrowRightCircle kt-svg-icon-list-single"><svg viewBox="0 0 24 24"  fill="none" stroke="currentColor" stroke-width="2" stroke-linecap="round" stroke-linejoin="round" xmlns="http://www.w3.org/2000/svg"  aria-hidden="true"><circle cx="12" cy="12" r="10"/><polyline points="12 16 16 12 12 8"/><line x1="8" y1="12" x2="16" y2="12"/></svg></span><span class="kt-svg-icon-list-text">Vermittlung von Kontakten und Ansprechpartnern</span></li>


<style>.kt-svg-icon-list-item-194_72f82b-ea .kt-svg-icon-list-text mark.kt-highlight{background-color:unset;font-style:normal;color:#f76a0c;-webkit-box-decoration-break:clone;box-decoration-break:clone;padding-top:0px;padding-right:0px;padding-bottom:0px;padding-left:0px;}</style>
<li class="wp-block-kadence-listitem kt-svg-icon-list-item-wrap kt-svg-icon-list-item-194_72f82b-ea"><span class="kb-svg-icon-wrap kb-svg-icon-fe_arrowRightCircle kt-svg-icon-list-single"><svg viewBox="0 0 24 24"  fill="none" stroke="currentColor" stroke-width="2" stroke-linecap="round" stroke-linejoin="round" xmlns="http://www.w3.org/2000/svg"  aria-hidden="true"><circle cx="12" cy="12" r="10"/><polyline points="12 16 16 12 12 8"/><line x1="8" y1="12" x2="16" y2="12"/></svg></span><span class="kt-svg-icon-list-text">Informationen zu Eingliederungshilfen im Rahmen der Teilhabe am Arbeitsleben oder der Teilhabe an Bildung</span></li>


<style>.kt-svg-icon-list-item-194_6eaf03-18 .kt-svg-icon-list-text mark.kt-highlight{background-color:unset;font-style:normal;color:#f76a0c;-webkit-box-decoration-break:clone;box-decoration-break:clone;padding-top:0px;padding-right:0px;padding-bottom:0px;padding-left:0px;}</style>
<li class="wp-block-kadence-listitem kt-svg-icon-list-item-wrap kt-svg-icon-list-item-194_6eaf03-18"><span class="kb-svg-icon-wrap kb-svg-icon-fe_arrowRightCircle kt-svg-icon-list-single"><svg viewBox="0 0 24 24"  fill="none" stroke="currentColor" stroke-width="2" stroke-linecap="round" stroke-linejoin="round" xmlns="http://www.w3.org/2000/svg"  aria-hidden="true"><circle cx="12" cy="12" r="10"/><polyline points="12 16 16 12 12 8"/><line x1="8" y1="12" x2="16" y2="12"/></svg></span><span class="kt-svg-icon-list-text">Informationen zu barrierefreiem Wohnen</span></li>


<style>.kt-svg-icon-list-item-194_0498c5-3f .kt-svg-icon-list-text mark.kt-highlight{background-color:unset;font-style:normal;color:#f76a0c;-webkit-box-decoration-break:clone;box-decoration-break:clone;padding-top:0px;padding-right:0px;padding-bottom:0px;padding-left:0px;}</style>
<li class="wp-block-kadence-listitem kt-svg-icon-list-item-wrap kt-svg-icon-list-item-194_0498c5-3f"><span class="kb-svg-icon-wrap kb-svg-icon-fe_arrowRightCircle kt-svg-icon-list-single"><svg viewBox="0 0 24 24"  fill="none" stroke="currentColor" stroke-width="2" stroke-linecap="round" stroke-linejoin="round" xmlns="http://www.w3.org/2000/svg"  aria-hidden="true"><circle cx="12" cy="12" r="10"/><polyline points="12 16 16 12 12 8"/><line x1="8" y1="12" x2="16" y2="12"/></svg></span><span class="kt-svg-icon-list-text">Beratungsgespräche in aufsuchender Form</span></li>


<style>.kt-svg-icon-list-item-194_f35bd5-4f .kt-svg-icon-list-text mark.kt-highlight{background-color:unset;font-style:normal;color:#f76a0c;-webkit-box-decoration-break:clone;box-decoration-break:clone;padding-top:0px;padding-right:0px;padding-bottom:0px;padding-left:0px;}</style>
<li class="wp-block-kadence-listitem kt-svg-icon-list-item-wrap kt-svg-icon-list-item-194_f35bd5-4f"><span class="kb-svg-icon-wrap kb-svg-icon-fe_arrowRightCircle kt-svg-icon-list-single"><svg viewBox="0 0 24 24"  fill="none" stroke="currentColor" stroke-width="2" stroke-linecap="round" stroke-linejoin="round" xmlns="http://www.w3.org/2000/svg"  aria-hidden="true"><circle cx="12" cy="12" r="10"/><polyline points="12 16 16 12 12 8"/><line x1="8" y1="12" x2="16" y2="12"/></svg></span><span class="kt-svg-icon-list-text">Hilfe und Unterstützung in schwierigen Lebenssituationen</span></li>
</ul></div>



<figure class="wp-block-video"><video controls src="https://files.jenweb.de/Erganzende unabhangige Teilhabeberatung EUTB.mp4"></video><figcaption class="wp-element-caption"><em>Quelle: Bundesministerium für Arbeit und Soziales (BMAS)</em></figcaption></figure>


<style>.wp-block-kadence-advancedheading.kt-adv-heading194_bca14e-66, .wp-block-kadence-advancedheading.kt-adv-heading194_bca14e-66[data-kb-block="kb-adv-heading194_bca14e-66"]{padding-top:var(--global-kb-spacing-sm, 1.5rem);font-style:normal;}.wp-block-kadence-advancedheading.kt-adv-heading194_bca14e-66 mark.kt-highlight, .wp-block-kadence-advancedheading.kt-adv-heading194_bca14e-66[data-kb-block="kb-adv-heading194_bca14e-66"] mark.kt-highlight{font-style:normal;color:#f76a0c;-webkit-box-decoration-break:clone;box-decoration-break:clone;padding-top:0px;padding-right:0px;padding-bottom:0px;padding-left:0px;}</style>
<p class="kt-adv-heading194_bca14e-66 wp-block-kadence-advancedheading" data-kb-block="kb-adv-heading194_bca14e-66">Seit dem 01.01.2023 beraten wir sie auch in den Regionen Weimar, Weimarer Land und Saalfeld-Rudolstadt. Zur Terminvereinbarungen nutzen Sie bitte die Telefonnummer 03643 4699989 oder die Email info@lv-isl-thueringen.de.</p>

<p>Im Rahmen der Ergänzenden Unabhängigen Teilhabeberatung (EUTB®) können Sie sich in Fragen der Rehabilitation und Teilhabe beraten lassen. Dazu gehören Themen wie: Seit dem 01.01.2023 beraten wir sie auch in den Regionen Weimar, Weimarer Land und Saalfeld-Rudolstadt. Zur Terminvereinbarungen nutzen Sie bitte die Telefonnummer 03643 4699989 oder die Email info@lv-isl-thueringen.de.</p>
