{"id":135,"date":"2025-01-23T15:16:10","date_gmt":"2025-01-23T15:16:10","guid":{"rendered":"https:\/\/wp.lv-isl-thueringen.de\/?page_id=135"},"modified":"2025-01-23T15:16:10","modified_gmt":"2025-01-23T15:16:10","slug":"ueber-uns","status":"publish","type":"page","link":"https:\/\/lv-isl-thueringen.de\/?page_id=135","title":{"rendered":"\u00dcber uns"},"content":{"rendered":"<style>.wp-block-kadence-advancedheading.kt-adv-heading135_a9bdbe-8f, .wp-block-kadence-advancedheading.kt-adv-heading135_a9bdbe-8f[data-kb-block=\"kb-adv-heading135_a9bdbe-8f\"]{font-style:normal;border-top:10px solid transparent;}.wp-block-kadence-advancedheading.kt-adv-heading135_a9bdbe-8f mark.kt-highlight, .wp-block-kadence-advancedheading.kt-adv-heading135_a9bdbe-8f[data-kb-block=\"kb-adv-heading135_a9bdbe-8f\"] mark.kt-highlight{font-style:normal;color:#f76a0c;-webkit-box-decoration-break:clone;box-decoration-break:clone;padding-top:0px;padding-right:0px;padding-bottom:0px;padding-left:0px;}@media all and (max-width: 1024px){.wp-block-kadence-advancedheading.kt-adv-heading135_a9bdbe-8f, .wp-block-kadence-advancedheading.kt-adv-heading135_a9bdbe-8f[data-kb-block=\"kb-adv-heading135_a9bdbe-8f\"]{border-top:10px solid transparent;}}@media all and (max-width: 767px){.wp-block-kadence-advancedheading.kt-adv-heading135_a9bdbe-8f, .wp-block-kadence-advancedheading.kt-adv-heading135_a9bdbe-8f[data-kb-block=\"kb-adv-heading135_a9bdbe-8f\"]{border-top:10px solid transparent;}}<\/style>\n<p class=\"kt-adv-heading135_a9bdbe-8f wp-block-kadence-advancedheading\" data-kb-block=\"kb-adv-heading135_a9bdbe-8f\">Wir beim Landesverband \u201eInteressenvertretung Selbstbestimmt Leben&#8221; in Th\u00fcringen e. V. sehen es als unsere Aufgabe an, die Interessen der behinderten B\u00fcrger und B\u00fcrgerinnen und ihrer Angeh\u00f6rigen zu vertreten und den Aufbau eines Netzes von Beratungsangeboten zu unterst\u00fctzen. Diese werden von Behinderten, unter den Grunds\u00e4tzen des \u201ePeer Counseling\u201c, selbst betrieben.<\/p>\n\n\n<style>.wp-block-kadence-advancedheading.kt-adv-heading135_59f42b-5e, .wp-block-kadence-advancedheading.kt-adv-heading135_59f42b-5e[data-kb-block=\"kb-adv-heading135_59f42b-5e\"]{font-style:normal;}.wp-block-kadence-advancedheading.kt-adv-heading135_59f42b-5e mark.kt-highlight, .wp-block-kadence-advancedheading.kt-adv-heading135_59f42b-5e[data-kb-block=\"kb-adv-heading135_59f42b-5e\"] mark.kt-highlight{font-style:normal;color:#f76a0c;-webkit-box-decoration-break:clone;box-decoration-break:clone;padding-top:0px;padding-right:0px;padding-bottom:0px;padding-left:0px;}<\/style>\n<h3 class=\"kt-adv-heading135_59f42b-5e wp-block-kadence-advancedheading\" data-kb-block=\"kb-adv-heading135_59f42b-5e\">Was bedeutet f\u00fcr uns &#8220;Selbstbestimmt Leben&#8221;?<\/h3>\n\n\n<style>.wp-block-kadence-advancedheading.kt-adv-heading135_a1ea9a-c5, .wp-block-kadence-advancedheading.kt-adv-heading135_a1ea9a-c5[data-kb-block=\"kb-adv-heading135_a1ea9a-c5\"]{font-style:normal;}.wp-block-kadence-advancedheading.kt-adv-heading135_a1ea9a-c5 mark.kt-highlight, .wp-block-kadence-advancedheading.kt-adv-heading135_a1ea9a-c5[data-kb-block=\"kb-adv-heading135_a1ea9a-c5\"] mark.kt-highlight{font-style:normal;color:#f76a0c;-webkit-box-decoration-break:clone;box-decoration-break:clone;padding-top:0px;padding-right:0px;padding-bottom:0px;padding-left:0px;}<\/style>\n<p class=\"kt-adv-heading135_a1ea9a-c5 wp-block-kadence-advancedheading\" data-kb-block=\"kb-adv-heading135_a1ea9a-c5\"><strong>&#8220;Selbstbestimmt Leben&#8221; bedeutet; sich selbst zu akzeptieren und zu vertreten<\/strong><br>Viele behinderte Menschen haben geringe Chancen, ein stabiles, positives Selbstbild zu entwickeln. Menschen, die h\u00e4ufig erfahren, dass ihre Bestrebungen nach Gleichwertigkeit ignoriert und unterbunden werden, bleibt am Ende nur die M\u00f6glichkeit zu glauben, dass sie es nicht Wert sind eigene Meinungen und eigene Gef\u00fchle zu haben, so dass ein inneres Selbstbild entstehen muss, welches von Minderwertigkeit und Selbstzweifel gepr\u00e4gt ist.<\/p>\n\n\n<style>.wp-block-kadence-advancedheading.kt-adv-heading135_dc91c8-ad, .wp-block-kadence-advancedheading.kt-adv-heading135_dc91c8-ad[data-kb-block=\"kb-adv-heading135_dc91c8-ad\"]{font-style:normal;}.wp-block-kadence-advancedheading.kt-adv-heading135_dc91c8-ad mark.kt-highlight, .wp-block-kadence-advancedheading.kt-adv-heading135_dc91c8-ad[data-kb-block=\"kb-adv-heading135_dc91c8-ad\"] mark.kt-highlight{font-style:normal;color:#f76a0c;-webkit-box-decoration-break:clone;box-decoration-break:clone;padding-top:0px;padding-right:0px;padding-bottom:0px;padding-left:0px;}<\/style>\n<p class=\"kt-adv-heading135_dc91c8-ad wp-block-kadence-advancedheading\" data-kb-block=\"kb-adv-heading135_dc91c8-ad\"><strong>&#8220;Selbstbestimmt Leben&#8221; bedeutet, sich in der Begegnung mit anderen Menschen gleichwertig zu f\u00fchlen.<\/strong><br>F\u00fcr alle Menschen, so auch f\u00fcr behinderte Menschen, stellt sich die Frage nach der Verh\u00e4ltnism\u00e4\u00dfigkeit von Selbst- und Fremdbestimmung. Dieses Verh\u00e4ltnis schl\u00e4gt bei uns jedoch h\u00e4ufig in Richtung Fremdbestimmung und Abh\u00e4ngigkeit aus. Durch dieses Ungleichgewicht geht uns oft das Gef\u00fchl der sozialen Gleichwertigkeit verloren, denn die \u00fcbergro\u00df erlebten und tats\u00e4chlichen Abh\u00e4ngigkeiten lassen nur schwer ein positives Selbstwertgef\u00fchl aufkommen.<\/p>\n\n\n<style>.wp-block-kadence-advancedheading.kt-adv-heading135_d0ee31-26, .wp-block-kadence-advancedheading.kt-adv-heading135_d0ee31-26[data-kb-block=\"kb-adv-heading135_d0ee31-26\"]{font-style:normal;}.wp-block-kadence-advancedheading.kt-adv-heading135_d0ee31-26 mark.kt-highlight, .wp-block-kadence-advancedheading.kt-adv-heading135_d0ee31-26[data-kb-block=\"kb-adv-heading135_d0ee31-26\"] mark.kt-highlight{font-style:normal;color:#f76a0c;-webkit-box-decoration-break:clone;box-decoration-break:clone;padding-top:0px;padding-right:0px;padding-bottom:0px;padding-left:0px;}<\/style>\n<p class=\"kt-adv-heading135_d0ee31-26 wp-block-kadence-advancedheading\" data-kb-block=\"kb-adv-heading135_d0ee31-26\"><strong>&#8220;Selbstbestimmt Leben&#8221; bedeutet, ein Leben zu f\u00fchren, in dem man frei ist, eigenverantwortliche Entscheidungen zu treffen, und in dem wir uns f\u00fcr die daraus folgenden Konsequenzen entscheiden k\u00f6nnen.<\/strong><br>Frei zu sein, eigenverantwortliche Entscheidungen zu treffen&#8217;, das bedeutet nicht, v\u00f6llig unabh\u00e4ngig von Grenzen zu leben, sondern eher, mit ihnen umgehen zu k\u00f6nnen. Das Grundbed\u00fcrfnis nach &#8216;individuellem Wohnraum&#8217; und nach &#8216;Mobilit\u00e4t&#8217; ist in der BRD nur selten zufrieden gestellt. Erschwernisse bei der Mobilit\u00e4t zum Beispiel bei der Benutzung von \u00f6ffentlichen Verkehrsmitteln und eine fast einhundertprozentige Nichtzug\u00e4nglichkeit privater Wohnungen sind Paradebeispiele f\u00fcr Einschr\u00e4nkungen der pers\u00f6nlichen Freiheit.<\/p>\n\n\n<style>.wp-block-kadence-advancedheading.kt-adv-heading135_f3d67b-fa, .wp-block-kadence-advancedheading.kt-adv-heading135_f3d67b-fa[data-kb-block=\"kb-adv-heading135_f3d67b-fa\"]{font-style:normal;}.wp-block-kadence-advancedheading.kt-adv-heading135_f3d67b-fa mark.kt-highlight, .wp-block-kadence-advancedheading.kt-adv-heading135_f3d67b-fa[data-kb-block=\"kb-adv-heading135_f3d67b-fa\"] mark.kt-highlight{font-style:normal;color:#f76a0c;-webkit-box-decoration-break:clone;box-decoration-break:clone;padding-top:0px;padding-right:0px;padding-bottom:0px;padding-left:0px;}<\/style>\n<p class=\"kt-adv-heading135_f3d67b-fa wp-block-kadence-advancedheading\" data-kb-block=\"kb-adv-heading135_f3d67b-fa\"><strong>&#8220;Selbstbestimmt Leben&#8221; bedeutet, in und mit der Gemeinschaft zu leben.<\/strong><br>Jeder von uns, der Unterst\u00fctzung braucht und den Wunsch nach einer selbstbestimmten Lebensf\u00fchrung hat, sollte die M\u00f6glichkeit zur Besch\u00e4ftigung &#8216;pers\u00f6nlicher Assistenten&#8217; erhalten. So lange dies nicht gew\u00e4hrleistet wird, werden viele von uns am Rande der Gesellschaft weiterleben m\u00fcssen, und auf ihre Sonderangebote angewiesen bleiben.<\/p>\n\n\n<style>.wp-block-kadence-advancedheading.kt-adv-heading135_45337d-90, .wp-block-kadence-advancedheading.kt-adv-heading135_45337d-90[data-kb-block=\"kb-adv-heading135_45337d-90\"]{font-style:normal;}.wp-block-kadence-advancedheading.kt-adv-heading135_45337d-90 mark.kt-highlight, .wp-block-kadence-advancedheading.kt-adv-heading135_45337d-90[data-kb-block=\"kb-adv-heading135_45337d-90\"] mark.kt-highlight{font-style:normal;color:#f76a0c;-webkit-box-decoration-break:clone;box-decoration-break:clone;padding-top:0px;padding-right:0px;padding-bottom:0px;padding-left:0px;}<\/style>\n<p class=\"kt-adv-heading135_45337d-90 wp-block-kadence-advancedheading\" data-kb-block=\"kb-adv-heading135_45337d-90\"><strong>Peer Counseling bedeutet:<\/strong><br>Selbst Betroffene sind Experten in eigener Sache. Auf Grund der eigenen Erfahrungen wissen wir, wieviel Mut, Selbstbewusstsein und Z\u00e4higkeit Betroffene brauchen, um ihre Rechte durchsetzen zu k\u00f6nnen.<\/p>\n\n\n<style>.wp-block-kadence-advancedheading.kt-adv-heading135_962a12-06, .wp-block-kadence-advancedheading.kt-adv-heading135_962a12-06[data-kb-block=\"kb-adv-heading135_962a12-06\"]{font-style:normal;}.wp-block-kadence-advancedheading.kt-adv-heading135_962a12-06 mark.kt-highlight, .wp-block-kadence-advancedheading.kt-adv-heading135_962a12-06[data-kb-block=\"kb-adv-heading135_962a12-06\"] mark.kt-highlight{font-style:normal;color:#f76a0c;-webkit-box-decoration-break:clone;box-decoration-break:clone;padding-top:0px;padding-right:0px;padding-bottom:0px;padding-left:0px;}<\/style>\n<p class=\"kt-adv-heading135_962a12-06 wp-block-kadence-advancedheading\" data-kb-block=\"kb-adv-heading135_962a12-06\">W\u00fcnschen auch Sie sich ein selbstbestimmtes Leben in unserer Gesellschaft oder ben\u00f6tigen Sie eine Individuelle Beratung zu behinderungsrelevanten Themen? Dann sind Sie bei uns genau richtig!<\/p>\n","protected":false},"excerpt":{"rendered":"<p>Wir beim Landesverband \u201eInteressenvertretung Selbstbestimmt Leben&#8221; in Th\u00fcringen e. V. sehen es als unsere Aufgabe an, die Interessen der behinderten B\u00fcrger und B\u00fcrgerinnen und ihrer Angeh\u00f6rigen zu vertreten und den Aufbau eines Netzes von Beratungsangeboten zu unterst\u00fctzen. Diese werden von Behinderten, unter den Grunds\u00e4tzen des \u201ePeer Counseling\u201c, selbst betrieben. Was bedeutet f\u00fcr uns &#8220;Selbstbestimmt Leben&#8221;?&#8230;<\/p>\n","protected":false},"author":2,"featured_media":0,"parent":0,"menu_order":0,"comment_status":"closed","ping_status":"closed","template":"","meta":{"_kad_blocks_custom_css":"","_kad_blocks_head_custom_js":"","_kad_blocks_body_custom_js":"","_kad_blocks_footer_custom_js":"","_kad_post_transparent":"","_kad_post_title":"","_kad_post_layout":"","_kad_post_sidebar_id":"","_kad_post_content_style":"","_kad_post_vertical_padding":"","_kad_post_feature":"","_kad_post_feature_position":"","_kad_post_header":false,"_kad_post_footer":false,"_kad_post_classname":"","footnotes":""},"class_list":["post-135","page","type-page","status-publish","hentry"],"taxonomy_info":[],"featured_image_src_large":false,"author_info":{"display_name":"Frank Pechmann","author_link":"https:\/\/lv-isl-thueringen.de\/?author=2"},"comment_info":0,"_links":{"self":[{"href":"https:\/\/lv-isl-thueringen.de\/index.php?rest_route=\/wp\/v2\/pages\/135","targetHints":{"allow":["GET"]}}],"collection":[{"href":"https:\/\/lv-isl-thueringen.de\/index.php?rest_route=\/wp\/v2\/pages"}],"about":[{"href":"https:\/\/lv-isl-thueringen.de\/index.php?rest_route=\/wp\/v2\/types\/page"}],"author":[{"embeddable":true,"href":"https:\/\/lv-isl-thueringen.de\/index.php?rest_route=\/wp\/v2\/users\/2"}],"replies":[{"embeddable":true,"href":"https:\/\/lv-isl-thueringen.de\/index.php?rest_route=%2Fwp%2Fv2%2Fcomments&post=135"}],"version-history":[{"count":0,"href":"https:\/\/lv-isl-thueringen.de\/index.php?rest_route=\/wp\/v2\/pages\/135\/revisions"}],"wp:attachment":[{"href":"https:\/\/lv-isl-thueringen.de\/index.php?rest_route=%2Fwp%2Fv2%2Fmedia&parent=135"}],"curies":[{"name":"wp","href":"https:\/\/api.w.org\/{rel}","templated":true}]}}

Über uns

<style>.wp-block-kadence-advancedheading.kt-adv-heading135_a9bdbe-8f, .wp-block-kadence-advancedheading.kt-adv-heading135_a9bdbe-8f[data-kb-block="kb-adv-heading135_a9bdbe-8f"]{font-style:normal;border-top:10px solid transparent;}.wp-block-kadence-advancedheading.kt-adv-heading135_a9bdbe-8f mark.kt-highlight, .wp-block-kadence-advancedheading.kt-adv-heading135_a9bdbe-8f[data-kb-block="kb-adv-heading135_a9bdbe-8f"] mark.kt-highlight{font-style:normal;color:#f76a0c;-webkit-box-decoration-break:clone;box-decoration-break:clone;padding-top:0px;padding-right:0px;padding-bottom:0px;padding-left:0px;}@media all and (max-width: 1024px){.wp-block-kadence-advancedheading.kt-adv-heading135_a9bdbe-8f, .wp-block-kadence-advancedheading.kt-adv-heading135_a9bdbe-8f[data-kb-block="kb-adv-heading135_a9bdbe-8f"]{border-top:10px solid transparent;}}@media all and (max-width: 767px){.wp-block-kadence-advancedheading.kt-adv-heading135_a9bdbe-8f, .wp-block-kadence-advancedheading.kt-adv-heading135_a9bdbe-8f[data-kb-block="kb-adv-heading135_a9bdbe-8f"]{border-top:10px solid transparent;}}</style>
<p class="kt-adv-heading135_a9bdbe-8f wp-block-kadence-advancedheading" data-kb-block="kb-adv-heading135_a9bdbe-8f">Wir beim Landesverband „Interessenvertretung Selbstbestimmt Leben&#8221; in Thüringen e. V. sehen es als unsere Aufgabe an, die Interessen der behinderten Bürger und Bürgerinnen und ihrer Angehörigen zu vertreten und den Aufbau eines Netzes von Beratungsangeboten zu unterstützen. Diese werden von Behinderten, unter den Grundsätzen des „Peer Counseling“, selbst betrieben.</p>


<style>.wp-block-kadence-advancedheading.kt-adv-heading135_59f42b-5e, .wp-block-kadence-advancedheading.kt-adv-heading135_59f42b-5e[data-kb-block="kb-adv-heading135_59f42b-5e"]{font-style:normal;}.wp-block-kadence-advancedheading.kt-adv-heading135_59f42b-5e mark.kt-highlight, .wp-block-kadence-advancedheading.kt-adv-heading135_59f42b-5e[data-kb-block="kb-adv-heading135_59f42b-5e"] mark.kt-highlight{font-style:normal;color:#f76a0c;-webkit-box-decoration-break:clone;box-decoration-break:clone;padding-top:0px;padding-right:0px;padding-bottom:0px;padding-left:0px;}</style>
<h3 class="kt-adv-heading135_59f42b-5e wp-block-kadence-advancedheading" data-kb-block="kb-adv-heading135_59f42b-5e">Was bedeutet für uns &#8220;Selbstbestimmt Leben&#8221;?</h3>


<style>.wp-block-kadence-advancedheading.kt-adv-heading135_a1ea9a-c5, .wp-block-kadence-advancedheading.kt-adv-heading135_a1ea9a-c5[data-kb-block="kb-adv-heading135_a1ea9a-c5"]{font-style:normal;}.wp-block-kadence-advancedheading.kt-adv-heading135_a1ea9a-c5 mark.kt-highlight, .wp-block-kadence-advancedheading.kt-adv-heading135_a1ea9a-c5[data-kb-block="kb-adv-heading135_a1ea9a-c5"] mark.kt-highlight{font-style:normal;color:#f76a0c;-webkit-box-decoration-break:clone;box-decoration-break:clone;padding-top:0px;padding-right:0px;padding-bottom:0px;padding-left:0px;}</style>
<p class="kt-adv-heading135_a1ea9a-c5 wp-block-kadence-advancedheading" data-kb-block="kb-adv-heading135_a1ea9a-c5"><strong>&#8220;Selbstbestimmt Leben&#8221; bedeutet; sich selbst zu akzeptieren und zu vertreten</strong><br>Viele behinderte Menschen haben geringe Chancen, ein stabiles, positives Selbstbild zu entwickeln. Menschen, die häufig erfahren, dass ihre Bestrebungen nach Gleichwertigkeit ignoriert und unterbunden werden, bleibt am Ende nur die Möglichkeit zu glauben, dass sie es nicht Wert sind eigene Meinungen und eigene Gefühle zu haben, so dass ein inneres Selbstbild entstehen muss, welches von Minderwertigkeit und Selbstzweifel geprägt ist.</p>


<style>.wp-block-kadence-advancedheading.kt-adv-heading135_dc91c8-ad, .wp-block-kadence-advancedheading.kt-adv-heading135_dc91c8-ad[data-kb-block="kb-adv-heading135_dc91c8-ad"]{font-style:normal;}.wp-block-kadence-advancedheading.kt-adv-heading135_dc91c8-ad mark.kt-highlight, .wp-block-kadence-advancedheading.kt-adv-heading135_dc91c8-ad[data-kb-block="kb-adv-heading135_dc91c8-ad"] mark.kt-highlight{font-style:normal;color:#f76a0c;-webkit-box-decoration-break:clone;box-decoration-break:clone;padding-top:0px;padding-right:0px;padding-bottom:0px;padding-left:0px;}</style>
<p class="kt-adv-heading135_dc91c8-ad wp-block-kadence-advancedheading" data-kb-block="kb-adv-heading135_dc91c8-ad"><strong>&#8220;Selbstbestimmt Leben&#8221; bedeutet, sich in der Begegnung mit anderen Menschen gleichwertig zu fühlen.</strong><br>Für alle Menschen, so auch für behinderte Menschen, stellt sich die Frage nach der Verhältnismäßigkeit von Selbst- und Fremdbestimmung. Dieses Verhältnis schlägt bei uns jedoch häufig in Richtung Fremdbestimmung und Abhängigkeit aus. Durch dieses Ungleichgewicht geht uns oft das Gefühl der sozialen Gleichwertigkeit verloren, denn die übergroß erlebten und tatsächlichen Abhängigkeiten lassen nur schwer ein positives Selbstwertgefühl aufkommen.</p>


<style>.wp-block-kadence-advancedheading.kt-adv-heading135_d0ee31-26, .wp-block-kadence-advancedheading.kt-adv-heading135_d0ee31-26[data-kb-block="kb-adv-heading135_d0ee31-26"]{font-style:normal;}.wp-block-kadence-advancedheading.kt-adv-heading135_d0ee31-26 mark.kt-highlight, .wp-block-kadence-advancedheading.kt-adv-heading135_d0ee31-26[data-kb-block="kb-adv-heading135_d0ee31-26"] mark.kt-highlight{font-style:normal;color:#f76a0c;-webkit-box-decoration-break:clone;box-decoration-break:clone;padding-top:0px;padding-right:0px;padding-bottom:0px;padding-left:0px;}</style>
<p class="kt-adv-heading135_d0ee31-26 wp-block-kadence-advancedheading" data-kb-block="kb-adv-heading135_d0ee31-26"><strong>&#8220;Selbstbestimmt Leben&#8221; bedeutet, ein Leben zu führen, in dem man frei ist, eigenverantwortliche Entscheidungen zu treffen, und in dem wir uns für die daraus folgenden Konsequenzen entscheiden können.</strong><br>Frei zu sein, eigenverantwortliche Entscheidungen zu treffen&#8217;, das bedeutet nicht, völlig unabhängig von Grenzen zu leben, sondern eher, mit ihnen umgehen zu können. Das Grundbedürfnis nach &#8216;individuellem Wohnraum&#8217; und nach &#8216;Mobilität&#8217; ist in der BRD nur selten zufrieden gestellt. Erschwernisse bei der Mobilität zum Beispiel bei der Benutzung von öffentlichen Verkehrsmitteln und eine fast einhundertprozentige Nichtzugänglichkeit privater Wohnungen sind Paradebeispiele für Einschränkungen der persönlichen Freiheit.</p>


<style>.wp-block-kadence-advancedheading.kt-adv-heading135_f3d67b-fa, .wp-block-kadence-advancedheading.kt-adv-heading135_f3d67b-fa[data-kb-block="kb-adv-heading135_f3d67b-fa"]{font-style:normal;}.wp-block-kadence-advancedheading.kt-adv-heading135_f3d67b-fa mark.kt-highlight, .wp-block-kadence-advancedheading.kt-adv-heading135_f3d67b-fa[data-kb-block="kb-adv-heading135_f3d67b-fa"] mark.kt-highlight{font-style:normal;color:#f76a0c;-webkit-box-decoration-break:clone;box-decoration-break:clone;padding-top:0px;padding-right:0px;padding-bottom:0px;padding-left:0px;}</style>
<p class="kt-adv-heading135_f3d67b-fa wp-block-kadence-advancedheading" data-kb-block="kb-adv-heading135_f3d67b-fa"><strong>&#8220;Selbstbestimmt Leben&#8221; bedeutet, in und mit der Gemeinschaft zu leben.</strong><br>Jeder von uns, der Unterstützung braucht und den Wunsch nach einer selbstbestimmten Lebensführung hat, sollte die Möglichkeit zur Beschäftigung &#8216;persönlicher Assistenten&#8217; erhalten. So lange dies nicht gewährleistet wird, werden viele von uns am Rande der Gesellschaft weiterleben müssen, und auf ihre Sonderangebote angewiesen bleiben.</p>


<style>.wp-block-kadence-advancedheading.kt-adv-heading135_45337d-90, .wp-block-kadence-advancedheading.kt-adv-heading135_45337d-90[data-kb-block="kb-adv-heading135_45337d-90"]{font-style:normal;}.wp-block-kadence-advancedheading.kt-adv-heading135_45337d-90 mark.kt-highlight, .wp-block-kadence-advancedheading.kt-adv-heading135_45337d-90[data-kb-block="kb-adv-heading135_45337d-90"] mark.kt-highlight{font-style:normal;color:#f76a0c;-webkit-box-decoration-break:clone;box-decoration-break:clone;padding-top:0px;padding-right:0px;padding-bottom:0px;padding-left:0px;}</style>
<p class="kt-adv-heading135_45337d-90 wp-block-kadence-advancedheading" data-kb-block="kb-adv-heading135_45337d-90"><strong>Peer Counseling bedeutet:</strong><br>Selbst Betroffene sind Experten in eigener Sache. Auf Grund der eigenen Erfahrungen wissen wir, wieviel Mut, Selbstbewusstsein und Zähigkeit Betroffene brauchen, um ihre Rechte durchsetzen zu können.</p>


<style>.wp-block-kadence-advancedheading.kt-adv-heading135_962a12-06, .wp-block-kadence-advancedheading.kt-adv-heading135_962a12-06[data-kb-block="kb-adv-heading135_962a12-06"]{font-style:normal;}.wp-block-kadence-advancedheading.kt-adv-heading135_962a12-06 mark.kt-highlight, .wp-block-kadence-advancedheading.kt-adv-heading135_962a12-06[data-kb-block="kb-adv-heading135_962a12-06"] mark.kt-highlight{font-style:normal;color:#f76a0c;-webkit-box-decoration-break:clone;box-decoration-break:clone;padding-top:0px;padding-right:0px;padding-bottom:0px;padding-left:0px;}</style>
<p class="kt-adv-heading135_962a12-06 wp-block-kadence-advancedheading" data-kb-block="kb-adv-heading135_962a12-06">Wünschen auch Sie sich ein selbstbestimmtes Leben in unserer Gesellschaft oder benötigen Sie eine Individuelle Beratung zu behinderungsrelevanten Themen? Dann sind Sie bei uns genau richtig!</p>

<p>Wir beim Landesverband „Interessenvertretung Selbstbestimmt Leben&#8221; in Thüringen e. V. sehen es als unsere Aufgabe an, die Interessen der behinderten Bürger und Bürgerinnen und ihrer Angehörigen zu vertreten und den Aufbau eines Netzes von Beratungsangeboten zu unterstützen. Diese werden von Behinderten, unter den Grundsätzen des „Peer Counseling“, selbst betrieben. Was bedeutet für uns &#8220;Selbstbestimmt Leben&#8221;?&#8230;</p>
