{"id":114,"date":"2014-07-02T20:20:00","date_gmt":"2014-07-02T18:20:00","guid":{"rendered":"https:\/\/lvisl.jenweb.de\/2014\/07\/02\/impressum\/"},"modified":"2025-02-03T17:41:18","modified_gmt":"2025-02-03T17:41:18","slug":"impressum","status":"publish","type":"page","link":"https:\/\/lv-isl-thueringen.de\/?page_id=114","title":{"rendered":"Impressum"},"content":{"rendered":"<style>.wp-block-kadence-advancedheading.kt-adv-heading114_e1c488-8b, .wp-block-kadence-advancedheading.kt-adv-heading114_e1c488-8b[data-kb-block=\"kb-adv-heading114_e1c488-8b\"]{font-style:normal;}.wp-block-kadence-advancedheading.kt-adv-heading114_e1c488-8b mark.kt-highlight, .wp-block-kadence-advancedheading.kt-adv-heading114_e1c488-8b[data-kb-block=\"kb-adv-heading114_e1c488-8b\"] mark.kt-highlight{font-style:normal;color:#f76a0c;-webkit-box-decoration-break:clone;box-decoration-break:clone;padding-top:0px;padding-right:0px;padding-bottom:0px;padding-left:0px;}<\/style>\n<h5 class=\"kt-adv-heading114_e1c488-8b wp-block-kadence-advancedheading\" data-kb-block=\"kb-adv-heading114_e1c488-8b\">Gesch\u00e4ftsstelle<\/h5>\n\n\n<style>.wp-block-kadence-advancedheading.kt-adv-heading114_a2849e-ea, .wp-block-kadence-advancedheading.kt-adv-heading114_a2849e-ea[data-kb-block=\"kb-adv-heading114_a2849e-ea\"]{font-style:normal;}.wp-block-kadence-advancedheading.kt-adv-heading114_a2849e-ea mark.kt-highlight, .wp-block-kadence-advancedheading.kt-adv-heading114_a2849e-ea[data-kb-block=\"kb-adv-heading114_a2849e-ea\"] mark.kt-highlight{font-style:normal;color:#f76a0c;-webkit-box-decoration-break:clone;box-decoration-break:clone;padding-top:0px;padding-right:0px;padding-bottom:0px;padding-left:0px;}<\/style>\n<p class=\"kt-adv-heading114_a2849e-ea wp-block-kadence-advancedheading\" data-kb-block=\"kb-adv-heading114_a2849e-ea\">Landesverband &#8220;Interessenvertretung Selbstbestimmt Leben&#8221; in Th\u00fcringen e. V. &#8211; ISL<br>Salvador-Allende-Platz 11<br>07747 Jena<br><strong>Telefon:<\/strong> (03641) 36 11 55<br><strong>Telefax:<\/strong> (03641) 39 62 52<br><strong>E-Mail:<\/strong> <a href=\"mailto:info@lv-isl-thueringen.de\">info@lv-isl-thueringen.de<\/a><br><strong>Interenet:<\/strong> <a href=\"http:\/\/www.lv-isl-thueringen.de\/\">www.lv-isl-thueringen.de<\/a><\/p>\n\n\n<style>.wp-block-kadence-advancedheading.kt-adv-heading114_fe2468-1d, .wp-block-kadence-advancedheading.kt-adv-heading114_fe2468-1d[data-kb-block=\"kb-adv-heading114_fe2468-1d\"]{font-style:normal;}.wp-block-kadence-advancedheading.kt-adv-heading114_fe2468-1d mark.kt-highlight, .wp-block-kadence-advancedheading.kt-adv-heading114_fe2468-1d[data-kb-block=\"kb-adv-heading114_fe2468-1d\"] mark.kt-highlight{font-style:normal;color:#f76a0c;-webkit-box-decoration-break:clone;box-decoration-break:clone;padding-top:0px;padding-right:0px;padding-bottom:0px;padding-left:0px;}<\/style>\n<h5 class=\"kt-adv-heading114_fe2468-1d wp-block-kadence-advancedheading\" data-kb-block=\"kb-adv-heading114_fe2468-1d\">Vereinssitz<\/h5>\n\n\n<style>.wp-block-kadence-advancedheading.kt-adv-heading114_b5c2ea-1b, .wp-block-kadence-advancedheading.kt-adv-heading114_b5c2ea-1b[data-kb-block=\"kb-adv-heading114_b5c2ea-1b\"]{font-style:normal;}.wp-block-kadence-advancedheading.kt-adv-heading114_b5c2ea-1b mark.kt-highlight, .wp-block-kadence-advancedheading.kt-adv-heading114_b5c2ea-1b[data-kb-block=\"kb-adv-heading114_b5c2ea-1b\"] mark.kt-highlight{font-style:normal;color:#f76a0c;-webkit-box-decoration-break:clone;box-decoration-break:clone;padding-top:0px;padding-right:0px;padding-bottom:0px;padding-left:0px;}<\/style>\n<p class=\"kt-adv-heading114_b5c2ea-1b wp-block-kadence-advancedheading\" data-kb-block=\"kb-adv-heading114_b5c2ea-1b\">Landesverband &#8220;Interessenvertretung Selbstbestimmt Leben&#8221; in Th\u00fcringen e. V.<br>Salvador-Allende-Platz 11<br>07747 Jena<\/p>\n\n\n<style>.wp-block-kadence-advancedheading.kt-adv-heading114_8ef8b9-1a, .wp-block-kadence-advancedheading.kt-adv-heading114_8ef8b9-1a[data-kb-block=\"kb-adv-heading114_8ef8b9-1a\"]{font-style:normal;}.wp-block-kadence-advancedheading.kt-adv-heading114_8ef8b9-1a mark.kt-highlight, .wp-block-kadence-advancedheading.kt-adv-heading114_8ef8b9-1a[data-kb-block=\"kb-adv-heading114_8ef8b9-1a\"] mark.kt-highlight{font-style:normal;color:#f76a0c;-webkit-box-decoration-break:clone;box-decoration-break:clone;padding-top:0px;padding-right:0px;padding-bottom:0px;padding-left:0px;}<\/style>\n<p class=\"kt-adv-heading114_8ef8b9-1a wp-block-kadence-advancedheading\" data-kb-block=\"kb-adv-heading114_8ef8b9-1a\"><strong>Registergericht:<\/strong> Amtsgericht Jena<br><strong>Registernummer:<\/strong> VR 230638<\/p>\n\n\n<style>.wp-block-kadence-advancedheading.kt-adv-heading114_e09b45-5e, .wp-block-kadence-advancedheading.kt-adv-heading114_e09b45-5e[data-kb-block=\"kb-adv-heading114_e09b45-5e\"]{font-style:normal;}.wp-block-kadence-advancedheading.kt-adv-heading114_e09b45-5e mark.kt-highlight, .wp-block-kadence-advancedheading.kt-adv-heading114_e09b45-5e[data-kb-block=\"kb-adv-heading114_e09b45-5e\"] mark.kt-highlight{font-style:normal;color:#f76a0c;-webkit-box-decoration-break:clone;box-decoration-break:clone;padding-top:0px;padding-right:0px;padding-bottom:0px;padding-left:0px;}<\/style>\n<h5 class=\"kt-adv-heading114_e09b45-5e wp-block-kadence-advancedheading\" data-kb-block=\"kb-adv-heading114_e09b45-5e\">Vertretungsberechtigter Vorstand<\/h5>\n\n\n\n<p>Barbara Vieweg, Sven B\u00f6ttger, Frank Pechmann, Steffen Hielscher<\/p>\n\n\n<style>.wp-block-kadence-advancedheading.kt-adv-heading114_e2cbd2-bd, .wp-block-kadence-advancedheading.kt-adv-heading114_e2cbd2-bd[data-kb-block=\"kb-adv-heading114_e2cbd2-bd\"]{font-style:normal;}.wp-block-kadence-advancedheading.kt-adv-heading114_e2cbd2-bd mark.kt-highlight, .wp-block-kadence-advancedheading.kt-adv-heading114_e2cbd2-bd[data-kb-block=\"kb-adv-heading114_e2cbd2-bd\"] mark.kt-highlight{font-style:normal;color:#f76a0c;-webkit-box-decoration-break:clone;box-decoration-break:clone;padding-top:0px;padding-right:0px;padding-bottom:0px;padding-left:0px;}<\/style>\n<h5 class=\"kt-adv-heading114_e2cbd2-bd wp-block-kadence-advancedheading\" data-kb-block=\"kb-adv-heading114_e2cbd2-bd\">Gesch\u00e4ftsf\u00fchrer<\/h5>\n\n\n\n<p>J\u00f6rg Barthel<\/p>\n\n\n<style>.wp-block-kadence-advancedheading.kt-adv-heading114_5d7ab9-84, .wp-block-kadence-advancedheading.kt-adv-heading114_5d7ab9-84[data-kb-block=\"kb-adv-heading114_5d7ab9-84\"]{font-style:normal;}.wp-block-kadence-advancedheading.kt-adv-heading114_5d7ab9-84 mark.kt-highlight, .wp-block-kadence-advancedheading.kt-adv-heading114_5d7ab9-84[data-kb-block=\"kb-adv-heading114_5d7ab9-84\"] mark.kt-highlight{font-style:normal;color:#f76a0c;-webkit-box-decoration-break:clone;box-decoration-break:clone;padding-top:0px;padding-right:0px;padding-bottom:0px;padding-left:0px;}<\/style>\n<h5 class=\"kt-adv-heading114_5d7ab9-84 wp-block-kadence-advancedheading\" data-kb-block=\"kb-adv-heading114_5d7ab9-84\">Inhaltlich Verantwortlicher gem\u00e4\u00df \u00a7 6 <acronym>MDStV<\/acronym>:<\/h5>\n\n\n<style>.wp-block-kadence-advancedheading.kt-adv-heading114_7d328f-70, .wp-block-kadence-advancedheading.kt-adv-heading114_7d328f-70[data-kb-block=\"kb-adv-heading114_7d328f-70\"]{font-style:normal;}.wp-block-kadence-advancedheading.kt-adv-heading114_7d328f-70 mark.kt-highlight, .wp-block-kadence-advancedheading.kt-adv-heading114_7d328f-70[data-kb-block=\"kb-adv-heading114_7d328f-70\"] mark.kt-highlight{font-style:normal;color:#f76a0c;-webkit-box-decoration-break:clone;box-decoration-break:clone;padding-top:0px;padding-right:0px;padding-bottom:0px;padding-left:0px;}<\/style>\n<p class=\"kt-adv-heading114_7d328f-70 wp-block-kadence-advancedheading\" data-kb-block=\"kb-adv-heading114_7d328f-70\">Die jeweils genannten AutorInnen<\/p>\n\n\n<style>.wp-block-kadence-advancedheading.kt-adv-heading114_36b3f4-10, .wp-block-kadence-advancedheading.kt-adv-heading114_36b3f4-10[data-kb-block=\"kb-adv-heading114_36b3f4-10\"]{font-style:normal;}.wp-block-kadence-advancedheading.kt-adv-heading114_36b3f4-10 mark.kt-highlight, .wp-block-kadence-advancedheading.kt-adv-heading114_36b3f4-10[data-kb-block=\"kb-adv-heading114_36b3f4-10\"] mark.kt-highlight{font-style:normal;color:#f76a0c;-webkit-box-decoration-break:clone;box-decoration-break:clone;padding-top:0px;padding-right:0px;padding-bottom:0px;padding-left:0px;}<\/style>\n<h5 class=\"kt-adv-heading114_36b3f4-10 wp-block-kadence-advancedheading\" data-kb-block=\"kb-adv-heading114_36b3f4-10\">Haftungshinweis:<\/h5>\n\n\n\n<p>Trotz sorgf\u00e4ltiger inhaltlicher Kontrolle \u00fcbernehmen wir keine Haftung f\u00fcr die Inhalte externer Links. F\u00fcr den Inhalt der verlinkten Seiten sind ausschlie\u00dflich deren Betreiber verantwortlich.<\/p>\n\n\n<style>.wp-block-kadence-advancedheading.kt-adv-heading114_fcaa82-1c, .wp-block-kadence-advancedheading.kt-adv-heading114_fcaa82-1c[data-kb-block=\"kb-adv-heading114_fcaa82-1c\"]{font-style:normal;}.wp-block-kadence-advancedheading.kt-adv-heading114_fcaa82-1c mark.kt-highlight, .wp-block-kadence-advancedheading.kt-adv-heading114_fcaa82-1c[data-kb-block=\"kb-adv-heading114_fcaa82-1c\"] mark.kt-highlight{font-style:normal;color:#f76a0c;-webkit-box-decoration-break:clone;box-decoration-break:clone;padding-top:0px;padding-right:0px;padding-bottom:0px;padding-left:0px;}<\/style>\n<h5 class=\"kt-adv-heading114_fcaa82-1c wp-block-kadence-advancedheading\" data-kb-block=\"kb-adv-heading114_fcaa82-1c\">\u00a9 Copyright Hinweis<\/h5>\n\n\n\n<p>Die Rechte f\u00fcr alle Texte, die Graphiken sowie das Layout, den HTML-Code und die Skripte liegen bei der ISL e. V. Im Falle von reinen WordPress-Teilen gelten selbstverst\u00e4ndlich die Rechte, die f\u00fcr WordPress gelten. Jede Form der weiteren Nutzung bedarf der ausdr\u00fccklichen Genehmigung durch den jeweiligen Inhaber der Rechte.<\/p>\n","protected":false},"excerpt":{"rendered":"<p>Gesch\u00e4ftsstelle Landesverband &#8220;Interessenvertretung Selbstbestimmt Leben&#8221; in Th\u00fcringen e. V. &#8211; ISLSalvador-Allende-Platz 1107747 JenaTelefon: (03641) 36 11 55Telefax: (03641) 39 62 52E-Mail: info@lv-isl-thueringen.deInterenet: www.lv-isl-thueringen.de Vereinssitz Landesverband &#8220;Interessenvertretung Selbstbestimmt Leben&#8221; in Th\u00fcringen e. V.Salvador-Allende-Platz 1107747 Jena Registergericht: Amtsgericht JenaRegisternummer: VR 230638 Vertretungsberechtigter Vorstand Barbara Vieweg, Sven B\u00f6ttger, Frank Pechmann, Steffen Hielscher Gesch\u00e4ftsf\u00fchrer J\u00f6rg Barthel Inhaltlich Verantwortlicher gem\u00e4\u00df&#8230;<\/p>\n","protected":false},"author":2,"featured_media":0,"parent":0,"menu_order":0,"comment_status":"open","ping_status":"open","template":"","meta":{"_kad_blocks_custom_css":"","_kad_blocks_head_custom_js":"","_kad_blocks_body_custom_js":"","_kad_blocks_footer_custom_js":"","_kad_post_transparent":"","_kad_post_title":"","_kad_post_layout":"","_kad_post_sidebar_id":"","_kad_post_content_style":"","_kad_post_vertical_padding":"","_kad_post_feature":"","_kad_post_feature_position":"","_kad_post_header":false,"_kad_post_footer":false,"_kad_post_classname":"","footnotes":""},"class_list":["post-114","page","type-page","status-publish","hentry"],"taxonomy_info":[],"featured_image_src_large":false,"author_info":{"display_name":"Frank Pechmann","author_link":"https:\/\/lv-isl-thueringen.de\/?author=2"},"comment_info":0,"_links":{"self":[{"href":"https:\/\/lv-isl-thueringen.de\/index.php?rest_route=\/wp\/v2\/pages\/114","targetHints":{"allow":["GET"]}}],"collection":[{"href":"https:\/\/lv-isl-thueringen.de\/index.php?rest_route=\/wp\/v2\/pages"}],"about":[{"href":"https:\/\/lv-isl-thueringen.de\/index.php?rest_route=\/wp\/v2\/types\/page"}],"author":[{"embeddable":true,"href":"https:\/\/lv-isl-thueringen.de\/index.php?rest_route=\/wp\/v2\/users\/2"}],"replies":[{"embeddable":true,"href":"https:\/\/lv-isl-thueringen.de\/index.php?rest_route=%2Fwp%2Fv2%2Fcomments&post=114"}],"version-history":[{"count":0,"href":"https:\/\/lv-isl-thueringen.de\/index.php?rest_route=\/wp\/v2\/pages\/114\/revisions"}],"wp:attachment":[{"href":"https:\/\/lv-isl-thueringen.de\/index.php?rest_route=%2Fwp%2Fv2%2Fmedia&parent=114"}],"curies":[{"name":"wp","href":"https:\/\/api.w.org\/{rel}","templated":true}]}}

<style>.wp-block-kadence-advancedheading.kt-adv-heading114_e1c488-8b, .wp-block-kadence-advancedheading.kt-adv-heading114_e1c488-8b[data-kb-block="kb-adv-heading114_e1c488-8b"]{font-style:normal;}.wp-block-kadence-advancedheading.kt-adv-heading114_e1c488-8b mark.kt-highlight, .wp-block-kadence-advancedheading.kt-adv-heading114_e1c488-8b[data-kb-block="kb-adv-heading114_e1c488-8b"] mark.kt-highlight{font-style:normal;color:#f76a0c;-webkit-box-decoration-break:clone;box-decoration-break:clone;padding-top:0px;padding-right:0px;padding-bottom:0px;padding-left:0px;}</style>
<h5 class="kt-adv-heading114_e1c488-8b wp-block-kadence-advancedheading" data-kb-block="kb-adv-heading114_e1c488-8b">Geschäftsstelle</h5>


<style>.wp-block-kadence-advancedheading.kt-adv-heading114_a2849e-ea, .wp-block-kadence-advancedheading.kt-adv-heading114_a2849e-ea[data-kb-block="kb-adv-heading114_a2849e-ea"]{font-style:normal;}.wp-block-kadence-advancedheading.kt-adv-heading114_a2849e-ea mark.kt-highlight, .wp-block-kadence-advancedheading.kt-adv-heading114_a2849e-ea[data-kb-block="kb-adv-heading114_a2849e-ea"] mark.kt-highlight{font-style:normal;color:#f76a0c;-webkit-box-decoration-break:clone;box-decoration-break:clone;padding-top:0px;padding-right:0px;padding-bottom:0px;padding-left:0px;}</style>
<p class="kt-adv-heading114_a2849e-ea wp-block-kadence-advancedheading" data-kb-block="kb-adv-heading114_a2849e-ea">Landesverband &#8220;Interessenvertretung Selbstbestimmt Leben&#8221; in Thüringen e. V. &#8211; ISL<br>Salvador-Allende-Platz 11<br>07747 Jena<br><strong>Telefon:</strong> (03641) 36 11 55<br><strong>Telefax:</strong> (03641) 39 62 52<br><strong>E-Mail:</strong> <a href="mailto:info@lv-isl-thueringen.de">info@lv-isl-thueringen.de</a><br><strong>Interenet:</strong> <a href="http://www.lv-isl-thueringen.de/">www.lv-isl-thueringen.de</a></p>


<style>.wp-block-kadence-advancedheading.kt-adv-heading114_fe2468-1d, .wp-block-kadence-advancedheading.kt-adv-heading114_fe2468-1d[data-kb-block="kb-adv-heading114_fe2468-1d"]{font-style:normal;}.wp-block-kadence-advancedheading.kt-adv-heading114_fe2468-1d mark.kt-highlight, .wp-block-kadence-advancedheading.kt-adv-heading114_fe2468-1d[data-kb-block="kb-adv-heading114_fe2468-1d"] mark.kt-highlight{font-style:normal;color:#f76a0c;-webkit-box-decoration-break:clone;box-decoration-break:clone;padding-top:0px;padding-right:0px;padding-bottom:0px;padding-left:0px;}</style>
<h5 class="kt-adv-heading114_fe2468-1d wp-block-kadence-advancedheading" data-kb-block="kb-adv-heading114_fe2468-1d">Vereinssitz</h5>


<style>.wp-block-kadence-advancedheading.kt-adv-heading114_b5c2ea-1b, .wp-block-kadence-advancedheading.kt-adv-heading114_b5c2ea-1b[data-kb-block="kb-adv-heading114_b5c2ea-1b"]{font-style:normal;}.wp-block-kadence-advancedheading.kt-adv-heading114_b5c2ea-1b mark.kt-highlight, .wp-block-kadence-advancedheading.kt-adv-heading114_b5c2ea-1b[data-kb-block="kb-adv-heading114_b5c2ea-1b"] mark.kt-highlight{font-style:normal;color:#f76a0c;-webkit-box-decoration-break:clone;box-decoration-break:clone;padding-top:0px;padding-right:0px;padding-bottom:0px;padding-left:0px;}</style>
<p class="kt-adv-heading114_b5c2ea-1b wp-block-kadence-advancedheading" data-kb-block="kb-adv-heading114_b5c2ea-1b">Landesverband &#8220;Interessenvertretung Selbstbestimmt Leben&#8221; in Thüringen e. V.<br>Salvador-Allende-Platz 11<br>07747 Jena</p>


<style>.wp-block-kadence-advancedheading.kt-adv-heading114_8ef8b9-1a, .wp-block-kadence-advancedheading.kt-adv-heading114_8ef8b9-1a[data-kb-block="kb-adv-heading114_8ef8b9-1a"]{font-style:normal;}.wp-block-kadence-advancedheading.kt-adv-heading114_8ef8b9-1a mark.kt-highlight, .wp-block-kadence-advancedheading.kt-adv-heading114_8ef8b9-1a[data-kb-block="kb-adv-heading114_8ef8b9-1a"] mark.kt-highlight{font-style:normal;color:#f76a0c;-webkit-box-decoration-break:clone;box-decoration-break:clone;padding-top:0px;padding-right:0px;padding-bottom:0px;padding-left:0px;}</style>
<p class="kt-adv-heading114_8ef8b9-1a wp-block-kadence-advancedheading" data-kb-block="kb-adv-heading114_8ef8b9-1a"><strong>Registergericht:</strong> Amtsgericht Jena<br><strong>Registernummer:</strong> VR 230638</p>


<style>.wp-block-kadence-advancedheading.kt-adv-heading114_e09b45-5e, .wp-block-kadence-advancedheading.kt-adv-heading114_e09b45-5e[data-kb-block="kb-adv-heading114_e09b45-5e"]{font-style:normal;}.wp-block-kadence-advancedheading.kt-adv-heading114_e09b45-5e mark.kt-highlight, .wp-block-kadence-advancedheading.kt-adv-heading114_e09b45-5e[data-kb-block="kb-adv-heading114_e09b45-5e"] mark.kt-highlight{font-style:normal;color:#f76a0c;-webkit-box-decoration-break:clone;box-decoration-break:clone;padding-top:0px;padding-right:0px;padding-bottom:0px;padding-left:0px;}</style>
<h5 class="kt-adv-heading114_e09b45-5e wp-block-kadence-advancedheading" data-kb-block="kb-adv-heading114_e09b45-5e">Vertretungsberechtigter Vorstand</h5>



<p>Barbara Vieweg, Sven Böttger, Frank Pechmann, Steffen Hielscher</p>


<style>.wp-block-kadence-advancedheading.kt-adv-heading114_e2cbd2-bd, .wp-block-kadence-advancedheading.kt-adv-heading114_e2cbd2-bd[data-kb-block="kb-adv-heading114_e2cbd2-bd"]{font-style:normal;}.wp-block-kadence-advancedheading.kt-adv-heading114_e2cbd2-bd mark.kt-highlight, .wp-block-kadence-advancedheading.kt-adv-heading114_e2cbd2-bd[data-kb-block="kb-adv-heading114_e2cbd2-bd"] mark.kt-highlight{font-style:normal;color:#f76a0c;-webkit-box-decoration-break:clone;box-decoration-break:clone;padding-top:0px;padding-right:0px;padding-bottom:0px;padding-left:0px;}</style>
<h5 class="kt-adv-heading114_e2cbd2-bd wp-block-kadence-advancedheading" data-kb-block="kb-adv-heading114_e2cbd2-bd">Geschäftsführer</h5>



<p>Jörg Barthel</p>


<style>.wp-block-kadence-advancedheading.kt-adv-heading114_5d7ab9-84, .wp-block-kadence-advancedheading.kt-adv-heading114_5d7ab9-84[data-kb-block="kb-adv-heading114_5d7ab9-84"]{font-style:normal;}.wp-block-kadence-advancedheading.kt-adv-heading114_5d7ab9-84 mark.kt-highlight, .wp-block-kadence-advancedheading.kt-adv-heading114_5d7ab9-84[data-kb-block="kb-adv-heading114_5d7ab9-84"] mark.kt-highlight{font-style:normal;color:#f76a0c;-webkit-box-decoration-break:clone;box-decoration-break:clone;padding-top:0px;padding-right:0px;padding-bottom:0px;padding-left:0px;}</style>
<h5 class="kt-adv-heading114_5d7ab9-84 wp-block-kadence-advancedheading" data-kb-block="kb-adv-heading114_5d7ab9-84">Inhaltlich Verantwortlicher gemäß § 6 <acronym>MDStV</acronym>:</h5>


<style>.wp-block-kadence-advancedheading.kt-adv-heading114_7d328f-70, .wp-block-kadence-advancedheading.kt-adv-heading114_7d328f-70[data-kb-block="kb-adv-heading114_7d328f-70"]{font-style:normal;}.wp-block-kadence-advancedheading.kt-adv-heading114_7d328f-70 mark.kt-highlight, .wp-block-kadence-advancedheading.kt-adv-heading114_7d328f-70[data-kb-block="kb-adv-heading114_7d328f-70"] mark.kt-highlight{font-style:normal;color:#f76a0c;-webkit-box-decoration-break:clone;box-decoration-break:clone;padding-top:0px;padding-right:0px;padding-bottom:0px;padding-left:0px;}</style>
<p class="kt-adv-heading114_7d328f-70 wp-block-kadence-advancedheading" data-kb-block="kb-adv-heading114_7d328f-70">Die jeweils genannten AutorInnen</p>


<style>.wp-block-kadence-advancedheading.kt-adv-heading114_36b3f4-10, .wp-block-kadence-advancedheading.kt-adv-heading114_36b3f4-10[data-kb-block="kb-adv-heading114_36b3f4-10"]{font-style:normal;}.wp-block-kadence-advancedheading.kt-adv-heading114_36b3f4-10 mark.kt-highlight, .wp-block-kadence-advancedheading.kt-adv-heading114_36b3f4-10[data-kb-block="kb-adv-heading114_36b3f4-10"] mark.kt-highlight{font-style:normal;color:#f76a0c;-webkit-box-decoration-break:clone;box-decoration-break:clone;padding-top:0px;padding-right:0px;padding-bottom:0px;padding-left:0px;}</style>
<h5 class="kt-adv-heading114_36b3f4-10 wp-block-kadence-advancedheading" data-kb-block="kb-adv-heading114_36b3f4-10">Haftungshinweis:</h5>



<p>Trotz sorgfältiger inhaltlicher Kontrolle übernehmen wir keine Haftung für die Inhalte externer Links. Für den Inhalt der verlinkten Seiten sind ausschließlich deren Betreiber verantwortlich.</p>


<style>.wp-block-kadence-advancedheading.kt-adv-heading114_fcaa82-1c, .wp-block-kadence-advancedheading.kt-adv-heading114_fcaa82-1c[data-kb-block="kb-adv-heading114_fcaa82-1c"]{font-style:normal;}.wp-block-kadence-advancedheading.kt-adv-heading114_fcaa82-1c mark.kt-highlight, .wp-block-kadence-advancedheading.kt-adv-heading114_fcaa82-1c[data-kb-block="kb-adv-heading114_fcaa82-1c"] mark.kt-highlight{font-style:normal;color:#f76a0c;-webkit-box-decoration-break:clone;box-decoration-break:clone;padding-top:0px;padding-right:0px;padding-bottom:0px;padding-left:0px;}</style>
<h5 class="kt-adv-heading114_fcaa82-1c wp-block-kadence-advancedheading" data-kb-block="kb-adv-heading114_fcaa82-1c">© Copyright Hinweis</h5>



<p>Die Rechte für alle Texte, die Graphiken sowie das Layout, den HTML-Code und die Skripte liegen bei der ISL e. V. Im Falle von reinen WordPress-Teilen gelten selbstverständlich die Rechte, die für WordPress gelten. Jede Form der weiteren Nutzung bedarf der ausdrücklichen Genehmigung durch den jeweiligen Inhaber der Rechte.</p>

<p>Geschäftsstelle Landesverband &#8220;Interessenvertretung Selbstbestimmt Leben&#8221; in Thüringen e. V. &#8211; ISLSalvador-Allende-Platz 1107747 JenaTelefon: (03641) 36 11 55Telefax: (03641) 39 62 52E-Mail: info@lv-isl-thueringen.deInterenet: www.lv-isl-thueringen.de Vereinssitz Landesverband &#8220;Interessenvertretung Selbstbestimmt Leben&#8221; in Thüringen e. V.Salvador-Allende-Platz 1107747 Jena Registergericht: Amtsgericht JenaRegisternummer: VR 230638 Vertretungsberechtigter Vorstand Barbara Vieweg, Sven Böttger, Frank Pechmann, Steffen Hielscher Geschäftsführer Jörg Barthel Inhaltlich Verantwortlicher gemäß&#8230;</p>
